{"id":1373,"date":"2018-09-03T17:23:57","date_gmt":"2018-09-03T15:23:57","guid":{"rendered":"https:\/\/ck-west.de\/site\/?page_id=1373"},"modified":"2021-07-06T14:29:11","modified_gmt":"2021-07-06T12:29:11","slug":"fire-of-eden","status":"publish","type":"page","link":"https:\/\/ck-west.de\/site\/hot-music\/fire-of-eden\/","title":{"rendered":"Projekt: CK West &#038; Fire of Eden"},"content":{"rendered":"<p><em><strong>Studio Projekt von CK West &amp; Thunder<\/strong><\/em><br \/>\n<iframe loading=\"lazy\" src=\"https:\/\/www.feiyr.com\/de\/widget\/35053\/2\/f7f7f7\/350\/true\/true.html\" width=\"350\" height=\"117\" frameborder=\"1\"><\/iframe><\/p>\n<p><em><strong>Mit neuen Mixen und Effekten von CK-West. Pop Rock mit klassischen Elementen.<\/strong><\/em><\/p>\n<p>Eine Mischung aus abgrundtiefen B\u00e4ssen, hei\u00dfen Gitarrensound, gut tanzbare Grooves, kathedrale Ges\u00e4nge und Orgelsounds. Mit Einfl\u00fcssen aus den 80ziger, 90ziger Jahren.<\/p>\n<p><img loading=\"lazy\" decoding=\"async\" class=\"wp-image-1381 alignleft\" src=\"https:\/\/ck-west.de\/site\/wp-content\/uploads\/cd-graveyard-web-300x300.jpg\" alt=\"CK West feat. Fire of Eden - The Graveyard\" width=\"171\" height=\"171\" srcset=\"https:\/\/ck-west.de\/site\/wp-content\/uploads\/cd-graveyard-web-300x300.jpg 300w, https:\/\/ck-west.de\/site\/wp-content\/uploads\/cd-graveyard-web-150x150.jpg 150w, https:\/\/ck-west.de\/site\/wp-content\/uploads\/cd-graveyard-web-768x768.jpg 768w, https:\/\/ck-west.de\/site\/wp-content\/uploads\/cd-graveyard-web.jpg 780w\" sizes=\"auto, (max-width: 171px) 100vw, 171px\" \/><\/p>\n<figure id=\"attachment_1495\" aria-describedby=\"caption-attachment-1495\" style=\"width: 132px\" class=\"wp-caption alignright\"><img loading=\"lazy\" decoding=\"async\" class=\"wp-image-1495 \" src=\"https:\/\/ck-west.de\/site\/wp-content\/uploads\/F.o.E.-G-Clubmix-w-300x300.jpg\" alt=\"\" width=\"132\" height=\"132\" srcset=\"https:\/\/ck-west.de\/site\/wp-content\/uploads\/F.o.E.-G-Clubmix-w-300x300.jpg 300w, https:\/\/ck-west.de\/site\/wp-content\/uploads\/F.o.E.-G-Clubmix-w-1024x1024.jpg 1024w, https:\/\/ck-west.de\/site\/wp-content\/uploads\/F.o.E.-G-Clubmix-w-150x150.jpg 150w, https:\/\/ck-west.de\/site\/wp-content\/uploads\/F.o.E.-G-Clubmix-w-768x768.jpg 768w, https:\/\/ck-west.de\/site\/wp-content\/uploads\/F.o.E.-G-Clubmix-w-1536x1536.jpg 1536w, https:\/\/ck-west.de\/site\/wp-content\/uploads\/F.o.E.-G-Clubmix-w-2048x2048.jpg 2048w\" sizes=\"auto, (max-width: 132px) 100vw, 132px\" \/><figcaption id=\"caption-attachment-1495\" class=\"wp-caption-text\">CK West feat. Fire of Eden (Club Mix)<\/figcaption><\/figure>\n<p>Synthies,Piano, Musik &amp; Produktion: CK West, Arrangement: CK West &amp; Thunder, Text &amp; Leadvocal: Thunder, Bass, Gitarre: Tierra, Background Vocal: Danielle<\/p>\n<p><em><strong>Recording: HOT STUDIO Hohenstein-Ernstthal<\/strong><\/em><\/p>\n<p><em><strong>CK West Music<\/strong><\/em><\/p>\n<p><em><strong>Label: HOT Music, Vertrieb: Dance All Day<\/strong><\/em><\/p>\n<p>Produktionen: 2004 &#8211; 2021<\/p>\n<p><iframe loading=\"lazy\" title=\"Spotify Embed: The Graveyard\" width=\"100%\" height=\"380\" allowtransparency=\"true\" frameborder=\"0\" allow=\"encrypted-media\" src=\"https:\/\/open.spotify.com\/embed\/album\/0nTLzEXs7mTIL9xdahplIn?_php=1\"><\/iframe><\/p>\n<p><iframe loading=\"lazy\" title=\"CK West feat. Fire of Eden - The Graveyard (Club Mix) [Dancepop\/Eurodance]\" width=\"800\" height=\"450\" src=\"https:\/\/www.youtube.com\/embed\/lG2BddjryvE?feature=oembed\" frameborder=\"0\" allow=\"accelerometer; autoplay; clipboard-write; encrypted-media; gyroscope; picture-in-picture\" allowfullscreen><\/iframe><\/p>\n<p><iframe loading=\"lazy\" src=\"https:\/\/www.feiyr.com\/de\/widget\/33098\/2\/f7f7f7\/350\/true\/true.html\" width=\"350\" height=\"117\" frameborder=\"1\"><\/iframe><\/p>\n<p>Studio Project from CK West &amp; Thunder Production: 2004 &#8211; 2021 With new mixes and effects from CK West Pop rock with classic elements. A mixture of abyssal basses, hot guitar sound, good danceable grooves, cathedral songs and organ sounds. The text is about love, longing, death and reawakening. Music &amp; Production: CK West, Text &amp; Vocal: Thunder Synthes &amp; Piano: CK West, Bass, Git .: Tierra, Vocal: Danielle Recorded at HOT STUDIO Hohenstein-Ernstthal. CK West Music &#8211; Germany<br \/>\nTracks<br \/>\n<iframe loading=\"lazy\" src=\"https:\/\/www.feiyr.com\/de\/widget\/36933\/2\/f7f7f7\/350\/true\/true.html\" width=\"350\" height=\"117\" frameborder=\"1\"><\/iframe><br \/>\nOriginal Version: Fire of Eden &#8211; Fear<br \/>\n&nbsp;<\/p>\n<p><iframe loading=\"lazy\" title=\"Fire of Eden - Fear (Ballad unplugged)\" width=\"800\" height=\"450\" src=\"https:\/\/www.youtube.com\/embed\/ZllAFmQax0Y?feature=oembed\" frameborder=\"0\" allow=\"accelerometer; autoplay; clipboard-write; encrypted-media; gyroscope; picture-in-picture\" allowfullscreen><\/iframe><\/p>\n<figure id=\"attachment_1479\" aria-describedby=\"caption-attachment-1479\" style=\"width: 300px\" class=\"wp-caption alignnone\"><img loading=\"lazy\" decoding=\"async\" class=\"size-medium wp-image-1479\" src=\"https:\/\/ck-west.de\/site\/wp-content\/uploads\/Fire-of-Eden-Fear-w-300x300.jpg\" alt=\"\" width=\"300\" height=\"300\" srcset=\"https:\/\/ck-west.de\/site\/wp-content\/uploads\/Fire-of-Eden-Fear-w-300x300.jpg 300w, https:\/\/ck-west.de\/site\/wp-content\/uploads\/Fire-of-Eden-Fear-w-1024x1024.jpg 1024w, https:\/\/ck-west.de\/site\/wp-content\/uploads\/Fire-of-Eden-Fear-w-150x150.jpg 150w, https:\/\/ck-west.de\/site\/wp-content\/uploads\/Fire-of-Eden-Fear-w-768x768.jpg 768w, https:\/\/ck-west.de\/site\/wp-content\/uploads\/Fire-of-Eden-Fear-w-1536x1536.jpg 1536w, https:\/\/ck-west.de\/site\/wp-content\/uploads\/Fire-of-Eden-Fear-w-2048x2048.jpg 2048w\" sizes=\"auto, (max-width: 300px) 100vw, 300px\" \/><figcaption id=\"caption-attachment-1479\" class=\"wp-caption-text\">Single, mit der S\u00e4ngerin Jazzmin (DSDS 2017)<\/figcaption><\/figure>\n<p><iframe loading=\"lazy\" title=\"Spotify Embed: Fire of Eden\" width=\"100%\" height=\"380\" allowtransparency=\"true\" frameborder=\"0\" allow=\"encrypted-media\" src=\"https:\/\/open.spotify.com\/embed\/artist\/46gmPz8mMt8CfIYpmd4b6Q\"><\/iframe><\/p>\n<p>&nbsp;<\/p>\n<p>Studio Projekt: CK West ( CK West Music Uwe Uhlig) &amp; Denny P\u00fcschmann (Thunder) Co. Produzent: Frank Weise. Mit DSDS Recall Gewinnerin 2017 Jasmin Weber (Jazzmin) &#8211; Leads\u00e4ngerin.<br \/>\nDie ersten Gesangsaufnahmen zu diesem Song entstanden bereits im Jahr 2006.<\/p>\n<p>&nbsp;<\/p>\n<p>Neue Single 2021<\/p>\n<figure id=\"attachment_1464\" aria-describedby=\"caption-attachment-1464\" style=\"width: 300px\" class=\"wp-caption alignnone\"><img loading=\"lazy\" decoding=\"async\" class=\"size-medium wp-image-1464\" src=\"https:\/\/ck-west.de\/site\/wp-content\/uploads\/foe-follow-me-300x300.jpg\" alt=\"\" width=\"300\" height=\"300\" srcset=\"https:\/\/ck-west.de\/site\/wp-content\/uploads\/foe-follow-me-300x300.jpg 300w, https:\/\/ck-west.de\/site\/wp-content\/uploads\/foe-follow-me-1024x1024.jpg 1024w, https:\/\/ck-west.de\/site\/wp-content\/uploads\/foe-follow-me-150x150.jpg 150w, https:\/\/ck-west.de\/site\/wp-content\/uploads\/foe-follow-me-768x768.jpg 768w, https:\/\/ck-west.de\/site\/wp-content\/uploads\/foe-follow-me-1536x1536.jpg 1536w, https:\/\/ck-west.de\/site\/wp-content\/uploads\/foe-follow-me-2048x2048.jpg 2048w\" sizes=\"auto, (max-width: 300px) 100vw, 300px\" \/><figcaption id=\"caption-attachment-1464\" class=\"wp-caption-text\">CK West feat.Fire of Eden &#8211; Follow me!<\/figcaption><\/figure>\n<p>Release: 07.05.2021<\/p>\n<p><strong><em>Jetzt in den Downloadshops &amp; Streaming. Link:<\/em><\/strong><\/p>\n<p><iframe loading=\"lazy\" src=\"https:\/\/www.feiyr.com\/de\/widget\/699880\/2\/f7f7f7\/350\/true\/true.html\" width=\"350\" height=\"117\" frameborder=\"1\"><\/iframe><\/p>\n<p>&nbsp;<\/p>\n<p>&nbsp;<\/p>\n<p><iframe loading=\"lazy\" title=\"Follow Me!\" width=\"800\" height=\"600\" src=\"https:\/\/www.youtube.com\/embed\/F8Di63LF1Wk?feature=oembed\" frameborder=\"0\" allow=\"accelerometer; autoplay; clipboard-write; encrypted-media; gyroscope; picture-in-picture\" allowfullscreen><\/iframe><\/p>\n<p>Studio Projekt von CK West (Uwe Uhlig) und Thunder (Denny P\u00fcschmann)<br \/>\n<strong>Erste Single &#8211; Auskopplung aus dem neuen Album: CK West &#8211; The Best Of (1990 &#8211; 2021) Vol. 2,<\/strong><br \/>\n<strong>was im November 2021 erscheinen wird.<\/strong><\/p>\n<p>Ein musikalisches Feuerwerk aus tiefen B\u00e4ssen, fetten Beats, Elektro Pop Einfl\u00fcssen aus den 90ziger.<\/p>\n<p>Eine Mischung aus der Musik von Kalkbrenner &amp; Depeche Mode und den 90ziger<\/p>\n<p>Folge mir in eine neue bessere Welt. Folge mir, ich werde dir den Weg zeigen. Zusammen sind wir st\u00e4rker, f\u00fcr immer sind wir frei&#8230;<\/p>\n<ul>\n<li><strong>Komposition, Arrangement, Instrumente &amp; Produktion: CK West (Uwe Uhlig),<\/strong><\/li>\n<li><strong> Text &amp; Gesang (Hauptstimme): Thunder. Background: Danielle<\/strong><\/li>\n<\/ul>\n<p>Label HOT Music<\/p>\n<p>Vertrieb: Dance All Day<\/p>\n<p><img loading=\"lazy\" decoding=\"async\" class=\"alignnone size-medium wp-image-1814\" src=\"https:\/\/ck-west.de\/site\/wp-content\/uploads\/Fire-of-EdenAutog.-199x300.jpg\" alt=\"\" width=\"199\" height=\"300\" srcset=\"https:\/\/ck-west.de\/site\/wp-content\/uploads\/Fire-of-EdenAutog.-199x300.jpg 199w, https:\/\/ck-west.de\/site\/wp-content\/uploads\/Fire-of-EdenAutog..jpg 582w\" sizes=\"auto, (max-width: 199px) 100vw, 199px\" \/><img loading=\"lazy\" decoding=\"async\" class=\"alignnone size-medium wp-image-1826\" src=\"https:\/\/ck-west.de\/site\/wp-content\/uploads\/foe-logo_005-300x300.jpg\" alt=\"\" width=\"300\" height=\"300\" srcset=\"https:\/\/ck-west.de\/site\/wp-content\/uploads\/foe-logo_005-300x300.jpg 300w, https:\/\/ck-west.de\/site\/wp-content\/uploads\/foe-logo_005-1024x1024.jpg 1024w, https:\/\/ck-west.de\/site\/wp-content\/uploads\/foe-logo_005-150x150.jpg 150w, https:\/\/ck-west.de\/site\/wp-content\/uploads\/foe-logo_005-768x768.jpg 768w, https:\/\/ck-west.de\/site\/wp-content\/uploads\/foe-logo_005-1536x1536.jpg 1536w, https:\/\/ck-west.de\/site\/wp-content\/uploads\/foe-logo_005-2048x2048.jpg 2048w\" sizes=\"auto, (max-width: 300px) 100vw, 300px\" \/><img loading=\"lazy\" decoding=\"async\" class=\"alignnone size-medium wp-image-1838\" src=\"https:\/\/ck-west.de\/site\/wp-content\/uploads\/Fire-Of-Eden_InPixio-Web4-255x300.jpg\" alt=\"\" width=\"255\" height=\"300\" srcset=\"https:\/\/ck-west.de\/site\/wp-content\/uploads\/Fire-Of-Eden_InPixio-Web4-255x300.jpg 255w, https:\/\/ck-west.de\/site\/wp-content\/uploads\/Fire-Of-Eden_InPixio-Web4-871x1024.jpg 871w, https:\/\/ck-west.de\/site\/wp-content\/uploads\/Fire-Of-Eden_InPixio-Web4-768x903.jpg 768w, https:\/\/ck-west.de\/site\/wp-content\/uploads\/Fire-Of-Eden_InPixio-Web4-1307x1536.jpg 1307w, https:\/\/ck-west.de\/site\/wp-content\/uploads\/Fire-Of-Eden_InPixio-Web4-1743x2048.jpg 1743w\" sizes=\"auto, (max-width: 255px) 100vw, 255px\" \/><\/p>\n<p>&nbsp;<\/p>\n<p>&nbsp;<\/p>\n<p>&nbsp;<\/p>\n<p>&nbsp;<\/p>\n","protected":false},"excerpt":{"rendered":"<p>Studio Projekt von CK West &amp; Thunder Mit neuen Mixen und Effekten von CK-West. Pop Rock mit klassischen Elementen. Eine Mischung aus abgrundtiefen B\u00e4ssen, hei\u00dfen Gitarrensound, gut tanzbare Grooves, kathedrale Ges\u00e4nge und Orgelsounds. Mit Einfl\u00fcssen aus den 80ziger, 90ziger Jahren. Synthies,Piano, Musik &amp; Produktion: CK West, Arrangement: CK West &amp; Thunder, Text &amp; Leadvocal: Thunder, [&hellip;]<\/p>\n","protected":false},"author":20,"featured_media":1464,"parent":1242,"menu_order":2,"comment_status":"closed","ping_status":"closed","template":"","meta":{"ngg_post_thumbnail":0,"footnotes":""},"class_list":["post-1373","page","type-page","status-publish","has-post-thumbnail","hentry"],"_links":{"self":[{"href":"https:\/\/ck-west.de\/site\/wp-json\/wp\/v2\/pages\/1373","targetHints":{"allow":["GET"]}}],"collection":[{"href":"https:\/\/ck-west.de\/site\/wp-json\/wp\/v2\/pages"}],"about":[{"href":"https:\/\/ck-west.de\/site\/wp-json\/wp\/v2\/types\/page"}],"author":[{"embeddable":true,"href":"https:\/\/ck-west.de\/site\/wp-json\/wp\/v2\/users\/20"}],"replies":[{"embeddable":true,"href":"https:\/\/ck-west.de\/site\/wp-json\/wp\/v2\/comments?post=1373"}],"version-history":[{"count":44,"href":"https:\/\/ck-west.de\/site\/wp-json\/wp\/v2\/pages\/1373\/revisions"}],"predecessor-version":[{"id":1967,"href":"https:\/\/ck-west.de\/site\/wp-json\/wp\/v2\/pages\/1373\/revisions\/1967"}],"up":[{"embeddable":true,"href":"https:\/\/ck-west.de\/site\/wp-json\/wp\/v2\/pages\/1242"}],"wp:featuredmedia":[{"embeddable":true,"href":"https:\/\/ck-west.de\/site\/wp-json\/wp\/v2\/media\/1464"}],"wp:attachment":[{"href":"https:\/\/ck-west.de\/site\/wp-json\/wp\/v2\/media?parent=1373"}],"curies":[{"name":"wp","href":"https:\/\/api.w.org\/{rel}","templated":true}]}}