{"id":1242,"date":"2015-05-31T21:44:03","date_gmt":"2015-05-31T19:44:03","guid":{"rendered":"http:\/\/ck-west.de\/site\/?page_id=1242"},"modified":"2021-05-02T21:00:18","modified_gmt":"2021-05-02T19:00:18","slug":"hot-music","status":"publish","type":"page","link":"https:\/\/ck-west.de\/site\/hot-music\/","title":{"rendered":"Label HOT Music"},"content":{"rendered":"<h2><em><strong>Label von CK West.<br \/>\n<\/strong><\/em><\/h2>\n<p><strong>Das Label HOT Music pr\u00e4sentiert haupts\u00e4chlich Eigenkompositionen, Arrangements, Produktionen und Songs von CK West (Uwe Uhlig)<\/strong><br \/>\n<strong>&amp; Remixe und Coverversionen.<\/strong><\/p>\n<p>\u00dcber 30 Jahre Erfahrung in den Musikstilbereichen von Pop , Dance , Trance , Deutschrock, Schlager, Discofox und Balladen.<br \/>\nDie Zusammenarbeit mit anderen K\u00fcnstlern ist m\u00f6glich und erw\u00fcnscht .<br \/>\nErfolgreiche Referenzen : Jazzmin, Enrico Cilbulka , Aspire, Alison Monro ( Sudol ) Aliases A Fine Frenzy, Mike Mareen.<\/p>\n<p>The label HOT Music presents mainly my own compositions , arrangements, productions and songs by CK West.<br \/>\nRemixes cover versions of songs.<br \/>\nLabel by CK West Music. Germany<\/p>\n<p>How I like to over 30 years of experience in the music style ranges of pop , dance , trance , germany rock, schlager, discofox&nbsp; and ballads.<br \/>\nThe collaboration with other artists is possible and desirable .<br \/>\nSuccessful References : Jazzmin, Enrico Cilbulka , Aspire, Alison Monro ( Sudol ) Aliases A Fine Frenzy, Mike Mareen.<\/p>\n<p>Musikvertrieb: Dance-All-Day<\/p>\n<p>https:\/\/www.feiyr.com\/de\/label\/HOT+Music\/10015566.html<\/p>\n<p>https:\/\/www.beatport.com\/label\/hot-music\/75144<\/p>\n<p>&nbsp;<\/p>\n<p><img loading=\"lazy\" decoding=\"async\" class=\"size-medium wp-image-1540\" src=\"https:\/\/ck-west.de\/site\/wp-content\/uploads\/IMG-20150531-WA0016-300x185.jpg\" alt=\"\" width=\"300\" height=\"185\" srcset=\"https:\/\/ck-west.de\/site\/wp-content\/uploads\/IMG-20150531-WA0016-300x185.jpg 300w, https:\/\/ck-west.de\/site\/wp-content\/uploads\/IMG-20150531-WA0016-768x473.jpg 768w, https:\/\/ck-west.de\/site\/wp-content\/uploads\/IMG-20150531-WA0016.jpg 800w\" sizes=\"auto, (max-width: 300px) 100vw, 300px\" \/><\/p>\n<p><img loading=\"lazy\" decoding=\"async\" class=\"alignnone size-full wp-image-1674\" src=\"https:\/\/ck-west.de\/site\/wp-content\/uploads\/2index.png\" alt=\"\" width=\"225\" height=\"224\" srcset=\"https:\/\/ck-west.de\/site\/wp-content\/uploads\/2index.png 225w, https:\/\/ck-west.de\/site\/wp-content\/uploads\/2index-150x150.png 150w\" sizes=\"auto, (max-width: 225px) 100vw, 225px\" \/><\/p>\n<p><img loading=\"lazy\" decoding=\"async\" class=\"alignnone size-medium wp-image-1780\" src=\"https:\/\/ck-west.de\/site\/wp-content\/uploads\/ckwest1_001-300x300.jpg\" alt=\"\" width=\"300\" height=\"300\" srcset=\"https:\/\/ck-west.de\/site\/wp-content\/uploads\/ckwest1_001-300x300.jpg 300w, https:\/\/ck-west.de\/site\/wp-content\/uploads\/ckwest1_001-1024x1024.jpg 1024w, https:\/\/ck-west.de\/site\/wp-content\/uploads\/ckwest1_001-150x150.jpg 150w, https:\/\/ck-west.de\/site\/wp-content\/uploads\/ckwest1_001-768x768.jpg 768w, https:\/\/ck-west.de\/site\/wp-content\/uploads\/ckwest1_001.jpg 1500w\" sizes=\"auto, (max-width: 300px) 100vw, 300px\" \/><\/p>\n<p>&nbsp;<\/p>\n<p>&nbsp;<\/p>\n<p>&nbsp;<\/p>\n","protected":false},"excerpt":{"rendered":"<p>Label von CK West. Das Label HOT Music pr\u00e4sentiert haupts\u00e4chlich Eigenkompositionen, Arrangements, Produktionen und Songs von CK West (Uwe Uhlig) &amp; Remixe und Coverversionen. \u00dcber 30 Jahre Erfahrung in den Musikstilbereichen von Pop , Dance , Trance , Deutschrock, Schlager, Discofox und Balladen. Die Zusammenarbeit mit anderen K\u00fcnstlern ist m\u00f6glich und erw\u00fcnscht . Erfolgreiche Referenzen [&hellip;]<\/p>\n","protected":false},"author":20,"featured_media":0,"parent":0,"menu_order":0,"comment_status":"closed","ping_status":"closed","template":"","meta":{"ngg_post_thumbnail":0,"footnotes":""},"class_list":["post-1242","page","type-page","status-publish","hentry"],"_links":{"self":[{"href":"https:\/\/ck-west.de\/site\/wp-json\/wp\/v2\/pages\/1242","targetHints":{"allow":["GET"]}}],"collection":[{"href":"https:\/\/ck-west.de\/site\/wp-json\/wp\/v2\/pages"}],"about":[{"href":"https:\/\/ck-west.de\/site\/wp-json\/wp\/v2\/types\/page"}],"author":[{"embeddable":true,"href":"https:\/\/ck-west.de\/site\/wp-json\/wp\/v2\/users\/20"}],"replies":[{"embeddable":true,"href":"https:\/\/ck-west.de\/site\/wp-json\/wp\/v2\/comments?post=1242"}],"version-history":[{"count":82,"href":"https:\/\/ck-west.de\/site\/wp-json\/wp\/v2\/pages\/1242\/revisions"}],"predecessor-version":[{"id":1783,"href":"https:\/\/ck-west.de\/site\/wp-json\/wp\/v2\/pages\/1242\/revisions\/1783"}],"wp:attachment":[{"href":"https:\/\/ck-west.de\/site\/wp-json\/wp\/v2\/media?parent=1242"}],"curies":[{"name":"wp","href":"https:\/\/api.w.org\/{rel}","templated":true}]}}